e m - 5*m = -j. Calculate the remainder when 7 is divided by (-2)/m*3 - -6.
3
Let f(h) = 4*h - 5. Let q(x) = -x**2 - 6*x - 3. Calculate the remainder when f(6) is divided by q(-4).
4
Suppose 0 = -4*b - 5*l - 7, 3*b = -l + 1 + 2. Suppose -25 - 7 = -4*m. Calculate the remainder when (m/10)/((-4)/(-10)) is divided by b.
0
Let z = 10 + -8. Suppose -z*p + 43 = 3*p - k, k + 25 = 3*p. What is the remainder when 35 is divided by p?
8
Let u(i) = 76*i**2 + i - 2. Suppose 0 = 3*w + 4*n - 19, -4*n - 1 = -w - 16. What is the remainder when u(w) is divided by 19?
18
Let u(l) = -l**3 + 2*l**2 + l - 2. What is the remainder when 19 is divided by u(-2)?
7
Suppose -v = -2*v + 40. Let w be (-4)/(16/6)*14. What is the remainder when v is divided by (-288)/w + 4/14?
12
Suppose 0 = f - 3. Calculate the remainder when f + (-12)/2 - -13 is divided by 6.
4
Let d(m) = -4*m + 10. Calculate the remainder when 17 is divided by d(0).
7
Let w(b) = 20*b + 103. What is the remainder when 43 is divided by w(-5)?
1
Suppose 5*y = -5*v + 165, -5 = -2*v + 3*v. Calculate the remainder when y is divided by 13.
12
Let q = 2 + -3. Let u = 28 - 18. Calculate the remainder when -1*1/q - -17 is divided by u.
8
Suppose 15*x - 57*x = -1092. Let i = 24 - 10. What is the remainder when x is divided by i?
12
Suppose -2*d - 2 = 0, a + 3*d + 18 = -4*a. What is the remainder when a + 25 + (3 - 2) is divided by (-17 + 1)*2/(-4)?
7
Let c be 13/3 - 4/(-6). Suppose n - 2 = 3*s - 14, -5*s = c*n. Suppose 40 = s*j + j. What is the remainder when 29 is divided by j?
9
Suppose 0 = -d - d + 2*g - 18, 0 = -4*d - g - 46. Let a = 36 - d. Suppose -7 = -j - y, 3*j + 5*y = j - 1. Calculate the remainder when a is divided by j.
11
Suppose s = c + 19, -3*c + 14 = s - 21. Calculate the remainder when 65 is divided by s.
19
Suppose -r + 1 = 4*w - 45, -3*w = -r + 32. What is the remainder when r is divided by 10?
8
Suppose g = 5*g - 2*y - 70, 0 = -2*g - 3*y + 55. Suppose 0 = 4*s - g, 3*r + s - 16 - 100 = 0. What is the remainder when r is divided by 10?
7
Let f = 20 + -19. What is the remainder when -2 + 58 + f*-2 is divided by 14?
12
Let g(c) = 7*c**2 + 1. Suppose 11 = -3*r + 26. Calculate the remainder when g(1) is divided by r.
3
Let o be (-74)/8 - 6/(-24). Let y(v) be the first derivative of -v**4/4 - 3*v**3 - v**2/2 + 10*v + 1. Calculate the remainder when y(o) is divided by 10.
9
Let n = 15 + 14. Let a = n + -6. Suppose 0 = -4*m - 5*g + 33, 3*g = -2*m + 3*m - 21. What is the remainder when a is divided by m?
11
Suppose -148 = -8*t - 4. What is the remainder when 31 is divided by t?
13
Let g = 17 + -14. What is the remainder when 5 is divided by g?
2
Suppose 1 = y - 2. Suppose -o - 3*f + 20 = 0, -y*o + 27 = -4*f - 98. Calculate the remainder when o is divided by 9.
8
Let v(c) = c**2 + c - 3. What is the remainder when 5 is divided by v(2)?
2
Suppose -4*o + 2*o = -26. Calculate the remainder when -2 + 2 - (-48 - 1) is divided by o.
10
Suppose -13*z + 377 + 208 = 0. What is the remainder when z is divided by 18?
9
Let g(l) = -l**3 + 9*l**2 - 8*l + 16. What is the remainder when g(8) is divided by 11?
5
Let r be (-10)/(-4) + (-2)/(-4). Let k = r + -1. What is the remainder when 11 is divided by k*(-1)/4*-8?
3
Let l = -1 - -1. Suppose -9*x + 4*x + 70 = l. Calculate the remainder when 54 is divided by x.
12
Let u(q) = -q**3 - 5*q**2 + 5*q. Let d = 38 + -23. Calculate the remainder when u(-6) is divided by 1/3 + 55/d.
2
Suppose -2*u - 3 = -2*x + 1, -5*x + 34 = 3*u. What is the remainder when 12 is divided by x?
2
Suppose -2*d = q - 10, -2*q = 4*d - 4*q - 20. Suppose 85 = -d*t + 25. Let a = t + 20. What is the remainder when 14 is divided by a?
6
Let n = -26 - -43. Calculate the remainder when n is divided by 0 - ((-5 - 2) + 2).
2
Let z = -13 - -39. Suppose 5*o - 4*o - z = 0. Calculate the remainder when 50 is divided by o.
24
Let s(p) = p**3 + 7*p**2 + 4*p - 1. Suppose 2*z + 113 = 23. Let v = -14 - z. Calculate the remainder when v is divided by s(-6).
9
Suppose -r + 37 = 3*g, -g + 5*g - 44 = -4*r. What is the remainder when g is divided by 8?
5
Let h(n) = 23*n + 8. What is the remainder when h(3) is divided by 6?
5
Let w(t) = t**2 - 5*t - 2. What is the remainder when 285 is divided by w(8)?
21
Let a(t) be the third derivative of -t**6/120 + t**5/15 + t**4/24 - t**3/3 + 2*t**2. Let u be a(4). Calculate the remainder when 32 is divided by u*-1*(-22)/4.
10
Let p(j) = 10*j + 1. Let a = 24 + -17. Calculate the remainder when p(1) is divided by a.
4
Suppose 3*i + 2*s - 6*s = 45, -4*i + 61 = -5*s. Calculate the remainder when 55 is divided by i.
17
Calculate the remainder when 109 is divided by (-111)/9*(5 - 8).
35
Let q(v) = -v**3 + v**2 + v + 2. Let h be q(0). Calculate the remainder when 11 is divided by (3/3 - h) + 4.
2
Suppose 2*x + 3*x - 25 = 0. Let m(l) = l - 5. Let t be m(x). Calculate the remainder when 20 is divided by (0/(-2) - t) + 7.
6
Let b be (-9)/(-6)*4/(-3). Let v(q) = -6*q - 3. What is the remainder when v(b) is divided by 2/(-7) - 37/(-7)?
4
What is the remainder when 16 is divided by ((-10)/4 + 3)*8?
0
Let y(p) = -p**3 - 7*p**2 - 10*p + 3. What is the remainder when y(-6) is divided by 7?
6
Suppose -5*d = -16 + 86. Let x be 1632/28 + 4/d. Suppose -x + 25 = -3*a. Calculate the remainder when 21 is divided by a.
10
Suppose 5*i - 64 = -4. What is the remainder when 31 is divided by i?
7
Suppose -3 = f - 7. What is the remainder when 11 is divided by f?
3
Suppose 0 = 4*j - 103 - 37. What is the remainder when j is divided by -36*(0 + (-3)/6)?
17
Let v(i) = 5*i**3 + 4*i**2 - i + 1. Let j be v(3). Suppose 0 = -5*r - 4*c + j, 4*r + 2*c = -0*c + 134. What is the remainder when r is divided by 18?
15
Let p = 153 + -105. Let f = -21 + p. Suppose -42 = -2*i - i. What is the remainder when f is divided by i?
13
Calculate the remainder when 110 is divided by 25 + (2 - 3/(-3)).
26
Let h = -90 - -115. What is the remainder when 47 is divided by h?
22
Suppose -2*c + 1 + 3 = 0. Let n be c/(-3)*3/(-2). What is the remainder when (-25)/(n + (1 - 3)) is divided by 9?
7
What is the remainder when (0 - 4) + 32 + 3 is divided by 8?
7
Suppose -h + b + 26 = -8, -4*b + 62 = 2*h. Suppose 2*x - 29 = 37. What is the remainder when 22 is divided by 6/h + 390/x?
10
What is the remainder when 44*(27/(-4))/(-9) is divided by 17?
16
Let k = -19 + 31. What is the remainder when k is divided by -21*((-1)/3 - 0)?
5
Suppose -q - 3*h = -2, q = -2*q - 5*h + 6. Suppose -2*p + f + 52 = -25, -2*p - q*f = -68. What is the remainder when p is divided by 19?
18
Let o = 9 - 7. Let y(h) = -h**2 + 11*h + 12. Calculate the remainder when y(9) is divided by -11*3*o/(-6).
8
Suppose 3*n + n - 160 = 0. Suppose -2*q - n = -4*q. Calculate the remainder when q is divided by 11.
9
Let n = 104 - 63. Let f = 30 + -8. Calculate the remainder when n is divided by f.
19
Let g = 9 + -1. Suppose -4*m = 2*l + g, m = 4*l - 0*m - 20. Calculate the remainder when l is divided by 3.
1
Let h(l) = -11*l - 13. Calculate the remainder when h(-6) is divided by 14.
11
Let a be (-2 - -4) + 0/2. Suppose -a*v = 3*v. Suppose v = 3*k - k - 52. What is the remainder when k is divided by 9?
8
Suppose 2*g - 2 - 88 = 0. What is the remainder when g is divided by 8?
5
Suppose 5*k + 38 = 148. What is the remainder when 218 is divided by k?
20
Suppose -5*k + 63 = -4*s, -4*k - 3*s = k - 49. Let d = -22 + 25. Calculate the remainder when k is divided by d.
2
Calculate the remainder when 236/5 + 66/(-30) + 2 is divided by 12.
11
Let n be (-8)/(-20)*10/(-2). Let p(h) = -h**3 + 3*h**2 + 5*h - 4. Calculate the remainder when p(3) is divided by (-1)/n + 14/4.
3
Suppose p + 0 = 3. Suppose 5*k = -s + 228, -2*s + 9 = p*k - 125. What is the remainder when k is divided by 12?
10
Let y = 2 - -5. Calculate the remainder when (-16)/6*9/(-2) is divided by y.
5
Let b(a) = -10*a - 12. What is the remainder when 111 is divided by b(-4)?
27
Suppose j + 3*j = -12. Let n(h) be the third derivative of h**5/60 + h**4/24 - h**3/6 - 2*h**2. What is the remainder when 8 is divided by n(j)?
3
Let x(l) = -l - 5. Let f be x(-10). Suppose r - 15 = b, -2*r + f*b = -r + 5. What is the remainder when r is divided by 7?
6
Let c(g) = 17*g**2 - g + 0*g + 1 - g. What is the remainder when c(1) is divided by 9?
7
Suppose 